{"id":2572,"date":"2020-08-26T09:48:52","date_gmt":"2020-08-26T07:48:52","guid":{"rendered":"https:\/\/anjikayoga.fr\/?page_id=2572"},"modified":"2020-08-26T12:15:05","modified_gmt":"2020-08-26T10:15:05","slug":"la-professeure","status":"publish","type":"page","link":"https:\/\/anjikayoga.fr\/?page_id=2572","title":{"rendered":"La professeure"},"content":{"rendered":"\n<figure class=\"wp-block-image size-large\"><img decoding=\"async\" loading=\"lazy\" width=\"1024\" height=\"768\" src=\"https:\/\/anjikayoga.fr\/wp-content\/uploads\/2020\/08\/eve-et-reiki-st-jean-chambre-1024x768.jpg\" alt=\"\" class=\"wp-image-2574\" srcset=\"https:\/\/anjikayoga.fr\/wp-content\/uploads\/2020\/08\/eve-et-reiki-st-jean-chambre-1024x768.jpg 1024w, https:\/\/anjikayoga.fr\/wp-content\/uploads\/2020\/08\/eve-et-reiki-st-jean-chambre-300x225.jpg 300w, https:\/\/anjikayoga.fr\/wp-content\/uploads\/2020\/08\/eve-et-reiki-st-jean-chambre-768x576.jpg 768w, https:\/\/anjikayoga.fr\/wp-content\/uploads\/2020\/08\/eve-et-reiki-st-jean-chambre-1536x1152.jpg 1536w, https:\/\/anjikayoga.fr\/wp-content\/uploads\/2020\/08\/eve-et-reiki-st-jean-chambre.jpg 1755w\" sizes=\"(max-width: 767px) 89vw, (max-width: 1000px) 54vw, (max-width: 1071px) 543px, 580px\" \/><\/figure>\n\n\n\n<p>Bonjour \u00e0 tous \ud83d\ude42<\/p>\n\n\n\n<p>Je suis Prem Anjika, psychologue et professeure de kundalini yoga diplom\u00e9e de la FTKY, apr\u00e8s une formation de 3 ans pour enseigner le kundalini yoga, plus 2 ann\u00e9es sp\u00e9cifiques \u00e0 l&rsquo;accompagnement personnalis\u00e9.<\/p>\n\n\n\n<p>Avant le confinement, j&rsquo;enseignais le yoga sur Aix en Provence en parall\u00e8le de mon m\u00e9tier de psychologue en coll\u00e8ge. Cette p\u00e9riode impos\u00e9e de retour \u00e0 soi m&rsquo;a permis de red\u00e9finir mes priorit\u00e9s. J&rsquo;ai d\u00e9cid\u00e9 de me rapprocher de la nature g\u00e9n\u00e9reuse de l\u2019Ard\u00e8che et je me suis install\u00e9e \u00e0 l&rsquo;\u00e9co-hameau Les Amarantes de St Jean Chambre, pr\u00e8s de Vernoux en Vivarais.<\/p>\n\n\n\n<p>Au plaisir de vous faire d\u00e9couvrir ce yoga mill\u00e9naire qui me passionne !<\/p>\n\n\n\n<p>Venez essayez, le premier cours est gratuit sur r\u00e9servation.<\/p>\n\n\n\n<p>Contactez moi au <strong>06.02.71.65.38<\/strong><\/p>\n\n\n\n<p><strong>contact@anjikayoga.fr<\/strong><\/p>\n\n\n\n<p>1er cours d&rsquo;essai gratuit sur r\u00e9servation<strong> mercredi 9 septembre 2020, 18h30<\/strong>, salle Balmont 07240 St Jean Chambre<\/p>\n\n\n\n<p>Merci d&rsquo;amener un tapis, un coussin, une bouteille d&rsquo;eau, de quoi vous couvrir pour la relaxation. Merci aussi d&rsquo;arriver au moins 10 mns \u00e0 l&rsquo;avance pour vous installer tranquillement avant le cours  de Kundalini Yoga qui d\u00e9bute \u00e0 18h30.<\/p>\n\n\n\n<p class=\"has-text-align-center\"><strong>Bienvenue!<\/strong><\/p>\n\n\n\n<p>Pour en savoir plus:<\/p>\n\n\n\n<p>06 02 71 65 38<\/p>\n\n\n\n<p>Contact@anjikayoga.fr<br><a rel=\"noreferrer noopener\" href=\"https:\/\/www.facebook.com\/AnjikaKundaliniYoga\" target=\"_blank\">Facebook: Anjika kundalini yoga<\/a><br><a href=\"https:\/\/www.youtube.com\/channel\/UC6jde5gKvYywfOQlMAVRZtw?view_as=subscriber\" target=\"_blank\" rel=\"noreferrer noopener\">Chaine You tube: Anjika kundalini yoga<\/a><\/p>\n","protected":false},"excerpt":{"rendered":"<p>Bonjour \u00e0 tous \ud83d\ude42 Je suis Prem Anjika, psychologue et professeure de kundalini yoga diplom\u00e9e de la FTKY, apr\u00e8s une formation de 3 ans pour enseigner le kundalini yoga, plus 2 ann\u00e9es sp\u00e9cifiques \u00e0 l&rsquo;accompagnement personnalis\u00e9. Avant le confinement, j&rsquo;enseignais le yoga sur Aix en Provence en parall\u00e8le de mon m\u00e9tier de psychologue en coll\u00e8ge. &hellip; <\/p>\n<p class=\"link-more\"><a href=\"https:\/\/anjikayoga.fr\/?page_id=2572\" class=\"more-link\">Continuer la lecture<span class=\"screen-reader-text\"> de &laquo;&nbsp;La professeure&nbsp;&raquo;<\/span><\/a><\/p>\n","protected":false},"author":3,"featured_media":0,"parent":0,"menu_order":0,"comment_status":"closed","ping_status":"closed","template":"","meta":[],"_links":{"self":[{"href":"https:\/\/anjikayoga.fr\/index.php?rest_route=\/wp\/v2\/pages\/2572"}],"collection":[{"href":"https:\/\/anjikayoga.fr\/index.php?rest_route=\/wp\/v2\/pages"}],"about":[{"href":"https:\/\/anjikayoga.fr\/index.php?rest_route=\/wp\/v2\/types\/page"}],"author":[{"embeddable":true,"href":"https:\/\/anjikayoga.fr\/index.php?rest_route=\/wp\/v2\/users\/3"}],"replies":[{"embeddable":true,"href":"https:\/\/anjikayoga.fr\/index.php?rest_route=%2Fwp%2Fv2%2Fcomments&post=2572"}],"version-history":[{"count":5,"href":"https:\/\/anjikayoga.fr\/index.php?rest_route=\/wp\/v2\/pages\/2572\/revisions"}],"predecessor-version":[{"id":2597,"href":"https:\/\/anjikayoga.fr\/index.php?rest_route=\/wp\/v2\/pages\/2572\/revisions\/2597"}],"wp:attachment":[{"href":"https:\/\/anjikayoga.fr\/index.php?rest_route=%2Fwp%2Fv2%2Fmedia&parent=2572"}],"curies":[{"name":"wp","href":"https:\/\/api.w.org\/{rel}","templated":true}]}}